+ 224/22?
2, 5
Let r(j) = 141*j**2 - 6*j + 2. Let z be r(2). Suppose -706 = 5*s + 3*k, 0*s + 4*s - 3*k + z = 0. List the prime factors of (16/10)/((-7)/s).
2
Let j = -566 + 799. What are the prime factors of j?
233
Suppose -3*w + 3 = -2*w. Suppose -5*f + 5*c = -15, 0 = -4*f + w*c + 10 + 2. Suppose -2*x - f*x = -135. List the prime factors of x.
3
Let l = -1185 - -1776. What are the prime factors of l?
3, 197
Suppose -f = -5*m + 2*f - 3, -m = 3*f - 3. List the prime factors of m/(-5) - (-4 - 124).
2
Let g = -42 + 42. Suppose -q + 4 + 123 = g. List the prime factors of q.
127
Let u = 2143 + 1117. List the prime factors of u.
2, 5, 163
Suppose -23*o + 7446 = 11*o. List the prime factors of o.
3, 73
Suppose 0 = -5*z - 25, 2*n - z + 6*z = -15. Suppose 300 = d - n*i, 5*d = 3*d + 3*i + 565. List the prime factors of d.
5, 11
Suppose 3*l = -2*i + 19, 0*i + 80 = 5*i + l. Suppose 4*a + 4*o - 52 = 0, -5*a + i + 13 = -2*o. What are the prime factors of a?
2
Suppose 0 = 4*y - 18 + 2. Let r(x) = x**2 + 3*x + 5. List the prime factors of r(y).
3, 11
Let n be (1305/12)/(15/40). Suppose 4*m = -3*d + n, -2*d + 2*m + 278 = d. List the prime factors of d.
2, 47
Let z be 478/8 + 3/12. List the prime factors of 4/2 + z + 0.
2, 31
Suppose 15*l - 12189 - 8301 = 0. What are the prime factors of l?
2, 683
Suppose 3*a - 5*y - 135 = -4*y, -97 = -2*a + 3*y. Suppose -x + a = x. List the prime factors of x.
2, 11
Let i(w) = 23*w - 5. Let m(o) = -2*o**2 + 6*o + 2. Let g(q) = -q**2 + 2*q + 3. Let k be g(0). Let r be m(k). List the prime factors of i(r).
41
Let i be ((-20)/15)/(2/(-6)). Suppose -3*n - 6 = 2*r - i*r, -4*r + 6 = -3*n. Suppose 0 = -3*k + 6 - r. List the prime factors of k.
2
Suppose 0 = 3*k - 3, 6*k = 5*l + 3*k + 13. Let f be (-2)/4 - 11/l. Suppose 130 = -0*x + f*x. List the prime factors of x.
2, 13
Let x(a) = -a - 2. Let t be x(-2). Let p(r) be the third derivative of r**6/120 + r**5/60 + r**4/24 + 17*r**3/6 - 3*r**2. What are the prime factors of p(t)?
17
Suppose 3*q = -0*q + 273. Let m = 31 - -4. What are the prime factors of q/m - 3/5?
2
Suppose 5*a + 3*f - 12804 = -f, 2*a - 3*f = 5117. What are the prime factors of a?
2, 5
Suppose -4*p - 157 = -i - 0*i, -3*p - 115 = 2*i. Let v = p - -149. What are the prime factors of v?
2, 5, 11
What are the prime factors of (-3358 - 1)/(8 + -9)?
3359
Let r(n) = -n + 304. List the prime factors of r(17).
7, 41
Let i(m) = m**3 - 4*m**2 - 8*m - 7. Suppose -u + k + 12 = 0, u - 2 - 20 = 3*k. List the prime factors of i(u).
2, 3, 7
Let b = 9402 - 6154. What are the prime factors of b?
2, 7, 29
Suppose -4*l + 1305 = -3*d, -4*d - 89 = l - 401. Suppose 6*a - l = 3*a. What are the prime factors of a?
2, 3
Suppose 4*i = -q + 12879, 3225 = 4*i - 3*i + 2*q. What are the prime factors of i?
3, 29, 37
Suppose 10*c + 5*i - 1051 = 7*c, 2*c - 726 = 3*i. List the prime factors of c.
3, 7, 17
Let m be (-450)/(-12)*56/12. Suppose -3*j + 5*w = 2*j - 200, 4*j - m = w. List the prime factors of j.
3, 5
Let u(l) be the first derivative of l**4/2 - 2*l**3 - 4*l**2 + 3*l + 1. Let t be u(6). What are the prime factors of ((-2)/(-6))/(1/t)?
3, 19
Let c(z) = 6*z**2 + z - 3. Let l(n) = -5*n**2 + n + 2. Let q be l(-1). List the prime factors of c(q).
89
Let y = -48 + 15. Let d = y + 98. Let u = -34 + d. What are the prime factors of u?
31
Suppose -66 = -2*r + 158. List the prime factors of r.
2, 7
Suppose 0 = -9*l + 14*l - 2035. What are the prime factors of l?
11, 37
Suppose -4*z = -z - 546. List the prime factors of z.
2, 7, 13
Suppose 3*d - 12 = -d. Suppose 3*g - 4*z + 2 = 0, -d*z = 2*g - 7 - 3. List the prime factors of g/(-5) - 276/(-15).
2, 3
Let w(c) = -c**2 - c + 1. Let q = -13 - -12. Let m(z) = -28*z**2 - 5*z + 3. Let r(a) = q*m(a) + 4*w(a). List the prime factors of r(-1).
2, 3
Let x = -12 + 20. Let t be (x/(-5))/(4/(-30)). Let u = t - 7. What are the prime factors of u?
5
Let b be 4/(-3 - 1) + -97. Let a = b + 145. Let l = a + -26. List the prime factors of l.
3, 7
Suppose j - 5*i = -8 + 24, -i = 0. Let d(k) = k**3 - 15*k**2 - 15*k - 7. List the prime factors of d(j).
3
Let u be 12/(-8)*16/(-6). Suppose -4*j = 4*l - 408, -4*j = j - u*l - 510. What are the prime factors of j?
2, 3, 17
Let m = -87 + 170. Let h = m - 23. What are the prime factors of h?
2, 3, 5
Let o(u) = -u + u**3 + 5*u + 8 + 1 + 5*u**2 - 4. Let q be o(-4). Suppose -q*z + 4*z = -23. List the prime factors of z.
23
Suppose -j + 2*q - 2 = -179, -3*j + 2*q + 539 = 0. What are the prime factors of j?
181
Let w(d) = -2 - 8*d - 2*d + 19*d - 5*d. Let h be w(5). Suppose 2*c = -0*c + h. What are the prime factors of c?
3
Let j(b) = 40*b**3 - b - 1. Let d be j(-1). Suppose 286 = 5*n - 74. Let g = n + d. What are the prime factors of g?
2
Suppose 3*s = 3*u - 0*u - 1836, -2*s = 6. List the prime factors of u.
3, 7, 29
Suppose 1 = -3*i + 4*x + 2, -2*x = 4*i - 16. Suppose 2*s - p = 16, 0 = i*s + 2*p - 3*p - 23. List the prime factors of 6 - s - (1 - 21).
19
Suppose b + f - 233 = 0, b + 24*f = 19*f + 225. What are the prime factors of b?
5, 47
Suppose -5*t - 173 = -2*s, 3*t + 0*s - 2*s = -107. Let o = -13 - t. What are the prime factors of o?
2, 5
Let b be 3 - (5 + -3 + -1). Suppose -b*n + 1056 = 2*n. Suppose -16 = -4*m + n. List the prime factors of m.
2, 5, 7
Suppose 0 = -4*q, -m + 5*m + q + 148 = 0. Let o = 68 - m. List the prime factors of o.
3, 5, 7
Let m = 926 - -1249. What are the prime factors of m?
3, 5, 29
Suppose 0 = 2*t + 2*w + 2, -4*w = t + 4*t + 2. Suppose 0 = -4*b - b + t*k + 95, 2*b - 2*k = 38. What are the prime factors of b?
19
Suppose -2*a + 6*a = 0, -3*r = 2*a - 99. Suppose -2*y + 83 = r. Let m = y + -16. List the prime factors of m.
3
Suppose 0 = -15*w + 17*w - 196. Suppose 32 = -0*s - 2*s. List the prime factors of 2/(-16) - w/s.
2, 3
Let c(g) = 2*g**2 + 18*g + 11. Let n(k) = -1. Let r(q) = c(q) + 6*n(q). What are the prime factors of r(-9)?
5
Suppose 1029 = 93*d - 1017. What are the prime factors of d?
2, 11
Let m = 134 - 76. Let s = 13 + m. List the prime factors of s.
71
Suppose 0 = o - 3. Suppose -o*g = -105 - 177. List the prime factors of g.
2, 47
Suppose -g + 23 = n - 5*n, -2*n - 79 = -3*g. Let v = g - 21. Suppose -t = -v*t + 100. List the prime factors of t.
2, 5
Let z(k) = k - 15. Let r be z(5). Let j = 21 - r. What are the prime factors of j?
31
Let x(d) = d**2 - 6*d + 8. Let f be x(5). Suppose 0*v + 2*v - 105 = f*a, 2*a = v - 51. Let u = v + -3. What are the prime factors of u?
2, 3
Suppose 6*t - 46 = 3*w + t, -2*t + 10 = 0. Let x = w + 17. List the prime factors of (-6)/(-4) + 15/x.
3
Let j = 11 + 0. Suppose -340 = -j*d + 7*d. Suppose 39 = 2*l - d. List the prime factors of l.
2, 31
Let r(n) = -5 - 1 - 4 + 2 - n**3 + 3*n + 8*n**2. List the prime factors of r(7).
2, 31
Suppose -2*n + 7 - 9 = 0, 3*n = -r + 2548. What are the prime factors of r?
2551
Suppose -313 = 3*n - 91. Let j = n + 130. What are the prime factors of j?
2, 7
What are the prime factors of 4/(-4) + -3 - 9135/(-7)?
1301
Let t(s) = -4*s**2 - 2*s - 3. Let y be t(3). Suppose 2*p = 2*a + 138, 5*p - 3*a - 333 = -2*a. Let o = p + y. What are the prime factors of o?
3, 7
Let o = -323 + 421. What are the prime factors of o?
2, 7
Let a = -17 - -23. Let i be (-2)/a*-9 - -1. Suppose -i*f + 19 = -21. What are the prime factors of f?
2, 5
Let w be (1 - -2) + 5 + -3. Suppose -2*l - 22 = g - 4, -w*g = 5*l + 70. Let b = g - -39. List the prime factors of b.
29
Suppose 0 = -60*y + 59*y + 112. List the prime factors of y.
2, 7
Suppose -2*z = -z. Suppose -y + 3 = -z*y. Suppose j + 4*g + 204 = 5*j, 0 = -4*j - y*g + 169. What are the prime factors of j?
2, 23
Suppose j - 140 = 3*c, -2*j = 5*c - 7*j + 250. Suppose 5*u = 5*b - 370, -b = 2*b + 5*u - 246. Let r = c + b. What are the prime factors of r?
2
Let q = 11 - 8. What are the prime factors of (9 + 9)*2/q?
2, 3
Suppose 5*b - h - 623 = 0, 3*b + 5*h = 5*b - 240. List the prime factors of b.
5
Let w = -20 - -119. List the prime factors of w/(-3)*12/(-18).
2, 11
Let y(v) = 4*v**2 - 27*v + 111. What are the prime factors of y(37)?
2, 31, 37
Let f = 9561 + -6521. What are the prime factors of f?
2, 5, 19
Suppose -z - 2*l = 355 - 100, 3*l + 3 = 0. Let a = -50 - z. What are the prime factors of a?
7, 29
Let c = 567 + -105. What are the prime factors of c?
2, 3, 7, 1